{"id":128,"date":"2017-02-24T10:35:38","date_gmt":"2017-02-24T09:35:38","guid":{"rendered":"http:\/\/competencias.industriales.upm.es\/?page_id=128"},"modified":"2017-02-28T11:44:07","modified_gmt":"2017-02-28T10:44:07","slug":"competencia-g-comunica","status":"publish","type":"page","link":"https:\/\/competencias.industriales.upm.es\/index.php\/inicio\/competencia-g-comunica\/","title":{"rendered":"Competencia g) Comunica"},"content":{"rendered":"<p>La competencia g) se define como:<\/p>\n<h4><span style=\"color: #333399;\">An ability to communicate effectively<\/span><\/h4>\n<p>Se puede definir esta competencia como \u201cla capacidad para transmitir \u00a0conocimientos\u00a0y expresar ideas y argumentos de manera clara, rigurosa y convincente,\u00a0tanto de forma oral como escrita, utilizando los recursos gr\u00e1ficos y los medios\u00a0necesarios adecuadamente y adapt\u00e1ndose a las caracter\u00edsticas de la situaci\u00f3n y\u00a0de la audiencia\u201d.<\/p>\n<p>Es importante indicar que esta competencia tiene dos vertientes:<\/p>\n<ol>\n<li>La comunicaci\u00f3n oral.<\/li>\n<li>La comunicaci\u00f3n escrita.<\/li>\n<\/ol>\n<p>Por lo tanto esta competencia est\u00e1 muy ligada a:<\/p>\n<ul>\n<li>Transmisi\u00f3n o comunicaci\u00f3n de ideas, planteamientos y soluciones.<\/li>\n<li>La utilizaci\u00f3n de recursos gr\u00e1ficos como dibujos, tablas o gr\u00e1ficas, v\u00eddeos,<br \/>\netc.<\/li>\n<li>\u00a0La utilizaci\u00f3n de proyectores u otros medios de proyecci\u00f3n.<\/li>\n<li>El conocimiento de la audiencia o p\u00fablico que va ser el oyente o receptor<br \/>\nde las informaciones transmitidas.<\/li>\n<\/ul>\n<p>Documento marco de la\u00a0<a href=\"http:\/\/competencias.industriales.upm.es\/wp-content\/uploads\/2017\/02\/competencia-g.pdf\">competencia g<\/a>)<\/p>\n<p><a href=\"http:\/\/competencias.industriales.upm.es\/index.php\/plan-de-mejora-de-la-competencia-g-comunica\/\" target=\"_blank\">Plan de mejora de la competencia g)\u00a0Comunica<\/a><\/p>\n","protected":false},"excerpt":{"rendered":"<p>La competencia g) se define como: An ability to communicate effectively Se puede definir esta competencia como \u201cla capacidad para transmitir \u00a0conocimientos\u00a0y expresar ideas y argumentos de manera clara, rigurosa y convincente,\u00a0tanto de forma oral como escrita, utilizando los recursos gr\u00e1ficos y los medios\u00a0necesarios adecuadamente y adapt\u00e1ndose a las caracter\u00edsticas de la situaci\u00f3n y\u00a0de la &hellip; <\/p>\n<p class=\"link-more\"><a href=\"https:\/\/competencias.industriales.upm.es\/index.php\/inicio\/competencia-g-comunica\/\" class=\"more-link\">Continuar leyendo<span class=\"screen-reader-text\"> \u00abCompetencia g) Comunica\u00bb<\/span><\/a><\/p>\n","protected":false},"author":1,"featured_media":0,"parent":4,"menu_order":0,"comment_status":"closed","ping_status":"closed","template":"","meta":{"footnotes":""},"class_list":["post-128","page","type-page","status-publish","hentry"],"_links":{"self":[{"href":"https:\/\/competencias.industriales.upm.es\/index.php\/wp-json\/wp\/v2\/pages\/128","targetHints":{"allow":["GET"]}}],"collection":[{"href":"https:\/\/competencias.industriales.upm.es\/index.php\/wp-json\/wp\/v2\/pages"}],"about":[{"href":"https:\/\/competencias.industriales.upm.es\/index.php\/wp-json\/wp\/v2\/types\/page"}],"author":[{"embeddable":true,"href":"https:\/\/competencias.industriales.upm.es\/index.php\/wp-json\/wp\/v2\/users\/1"}],"replies":[{"embeddable":true,"href":"https:\/\/competencias.industriales.upm.es\/index.php\/wp-json\/wp\/v2\/comments?post=128"}],"version-history":[{"count":5,"href":"https:\/\/competencias.industriales.upm.es\/index.php\/wp-json\/wp\/v2\/pages\/128\/revisions"}],"predecessor-version":[{"id":303,"href":"https:\/\/competencias.industriales.upm.es\/index.php\/wp-json\/wp\/v2\/pages\/128\/revisions\/303"}],"up":[{"embeddable":true,"href":"https:\/\/competencias.industriales.upm.es\/index.php\/wp-json\/wp\/v2\/pages\/4"}],"wp:attachment":[{"href":"https:\/\/competencias.industriales.upm.es\/index.php\/wp-json\/wp\/v2\/media?parent=128"}],"curies":[{"name":"wp","href":"https:\/\/api.w.org\/{rel}","templated":true}]}}